5. What is the remainder when m is divided by 61?
58
Suppose -80 = -5*g + 9*l - 4*l, 2*g - 29 = 3*l. What is the remainder when 37 is divided by g?
18
Let b be ((-16)/12)/(-2)*3. Let v(o) = -3*o**2 + 3*o**2 + b*o + 14*o**3 - o - o**2. What is the remainder when 41 is divided by v(1)?
13
Let l(v) = 75*v. Suppose 11*x + 185 = 471. What is the remainder when l(1) is divided by x?
23
Suppose 40*h = 45*h - 14695. Calculate the remainder when h is divided by 7.
6
Suppose -4*p = -a + 3*a - 296, p + 479 = 3*a. Calculate the remainder when 1894 is divided by a.
156
What is the remainder when 214 is divided by -9 + 4*162/24?
16
Let z be (9 + 0 - 4 - 3) + -26. Let y = z + 70. Calculate the remainder when y is divided by 10.
6
Suppose -5 = 60*w - 59*w, -2*a + 5*w + 499 = 0. What is the remainder when a is divided by 25?
12
Let l = 44 - 25. Suppose -2*a + m = -38, 4*a - 119 + l = -4*m. Calculate the remainder when 56 is divided by a.
14
Let i = 284 + -270. Calculate the remainder when 83 is divided by i.
13
What is the remainder when 5/4*-298*(-6)/15 is divided by 15?
14
Let w(d) = 2*d**2 + 6*d + 6. Suppose 5*t + 4*p - 211 = 0, 0 = 3*t + 5*p - 143 + 6. What is the remainder when t is divided by w(-3)?
3
Suppose -2*t - 3*f = -87, -5*f = 2*t - 46 - 47. Calculate the remainder when 110 is divided by t.
32
Let a be 40/15*(-69)/(-4). Suppose 2*p + 5*n - a = -p, p + 3 = 2*n. Calculate the remainder when 3/(10/(-11) + 1) is divided by p.
5
Let z be 40 + ((-2)/3)/(2/9). Suppose b = 3*q + z, 0*q - q - 227 = -5*b. What is the remainder when 182 is divided by b?
44
Let b(m) = -12*m. Let w be b(-1). Let j = 20 - w. Suppose -3*a + 2*a + 22 = 4*d, j = 3*d + 5*a. Calculate the remainder when 16 is divided by d.
4
Suppose 522 = 5*d - 2*a, 6 = -4*a + 22. Suppose 0 = 3*t - d - 65. Calculate the remainder when t is divided by 15.
12
Let x(r) = r**3 - 3*r**2 + 5. Calculate the remainder when 1/(-3)*3*-1 is divided by x(2).
0
Let r be (-2 - -3)/1*-8. Let s = 11 + r. Suppose -q = -s*q + 162. Calculate the remainder when q is divided by 21.
18
Let v(g) = -223*g - 167. What is the remainder when 172 is divided by v(-1)?
4
Let g = 303 - 202. What is the remainder when g is divided by 34?
33
Suppose -3*z = -5*f - 294, 35 = z - 4*f - 70. Let t = z - 43. Calculate the remainder when 199 is divided by t.
49
Suppose -2*u + u + 7 = j, -5 = 5*j - 5*u. Suppose 0 = p - j*p - 148. Let z = -53 - p. Calculate the remainder when 62 is divided by z.
20
Let x be 4*((-12)/(-4) - -4). Let t = 39 - x. Let w = 3 + 1. Calculate the remainder when t is divided by w.
3
Let l(a) = -9*a + 40. What is the remainder when 59 is divided by l(3)?
7
Suppose 0*h - 3*h + 78 = 0. What is the remainder when 124 is divided by h?
20
Let l(w) = -3 - 1 + 5 - 2 + w. Let n be l(6). Suppose 0 = -2*z + 33 + n. What is the remainder when z is divided by 7?
5
Let o(r) = 14*r**2 - 3*r - 7. What is the remainder when o(-3) is divided by 35?
23
Suppose 2*b = 5*b - 87. Suppose -2*z + b = -4*q - 27, -2*z - q + 31 = 0. Let s = z - -4. Calculate the remainder when s is divided by 8.
6
Let u = -21 - -23. Suppose 4*h = 16, -h = -2*m - u*h + 70. Calculate the remainder when m is divided by 12.
9
Suppose -12*f + 312 = -216. Calculate the remainder when 56 is divided by f.
12
Suppose 0 = 6*i - 4*i - 42. Suppose 6 = -3*l + i. Suppose -28 = -2*n - l*n. Calculate the remainder when n is divided by 3.
1
Let m(p) = -p**3 - 8*p**2 - 6*p - 19. Let l be m(-8). Let d = 23 - l. Let v(w) = -2*w - 9. What is the remainder when 3 is divided by v(d)?
0
Let k = 233 - 218. Suppose y - 5*w - 72 = 0, w + 97 = 3*y - 77. What is the remainder when y is divided by k?
12
Let k(o) = -38*o - 1. Let p = 3 - 4. Let u(s) = s**2 + 5*s + 7. Calculate the remainder when k(p) is divided by u(-6).
11
Let v(l) = 2*l**2 - 10*l - 23. Calculate the remainder when v(-6) is divided by 37.
35
Let o(d) = 0*d - 2*d - 2*d + 3*d - 3. Let y be o(-9). Suppose 38 = 4*x + y. What is the remainder when 39 is divided by x?
7
What is the remainder when 17 is divided by ((-6)/12*6)/(-4 - -3)?
2
Let x = 429 + -232. Calculate the remainder when x is divided by 33.
32
What is the remainder when 252 is divided by 3 - 50/20 - (-63)/2?
28
Suppose -399 - 10 = -b. What is the remainder when b is divided by 59?
55
Suppose 15 = 3*v, 0 = c + 4*c - v - 530. Let u = c - -46. Calculate the remainder when u is divided by 26.
23
Let z(d) = d**3 - 16*d**2 + 50*d - 110. Calculate the remainder when 196 is divided by z(13).
31
Suppose 43*n + 60 = 45*n. What is the remainder when 56 is divided by n?
26
Let v(l) = -l**2 - 8. Suppose -4*f = 3*s - 2 + 17, 0 = -2*f - 2*s - 10. Let g be v(f). Let j = g - -16. Calculate the remainder when 14 is divided by j.
6
Suppose 12*w + 450 = 22*w. What is the remainder when 86 is divided by w?
41
Suppose 3*b - 4*y = 2*b + 19, 38 = 2*b - 3*y. Suppose -2*u + b = -u. Let r = -2691 - -2703. What is the remainder when u is divided by r?
7
Let x = 1867 - 1725. What is the remainder when x is divided by 18?
16
Suppose -k = 7 + 8. Let s = 11 + k. What is the remainder when 21 is divided by (-18)/(-12) + (-38)/s?
10
Suppose -9*v = -267 - 318. What is the remainder when v is divided by 24?
17
Suppose 11 = 3*u + 2*d, 2*u + 5*d - 11 = -0*d. Suppose u*l + 2*l = 20. Suppose l*k = -5 + 41. What is the remainder when 33 is divided by k?
6
Let l(u) = u**2 - u - 9. Let v = 34 - 14. Let j be (-1)/(-5*(-1)/v). What is the remainder when l(j) is divided by 7?
4
Let j be 3 - (6/9*6 - 1). What is the remainder when j*(-2)/(-8) - -66 is divided by 14?
10
Let y(q) = 8*q + 9. What is the remainder when y(8) is divided by 15?
13
Calculate the remainder when (-3 - 174/(-18)) + 2/(-3) is divided by 4.
2
Suppose 90 = 2*s - 66. Let g be (-1 - 0/1)*(-78)/26. Suppose -s = -2*q - g*n, 4*q + 3*n = 61 + 83. Calculate the remainder when q is divided by 9.
6
Suppose -217 + 301 = 7*d. What is the remainder when 105 is divided by d?
9
Suppose 0 = 3*l - 18*l + 30. Suppose k - 17 = 4*d, -2*k + l = 4*d + 4. Calculate the remainder when k is divided by 4.
1
Let u(p) = p**2 + 9*p - 19. Let v be u(-14). Suppose 37 = -n + v. Let w = -61 + 101. Calculate the remainder when w is divided by n.
12
Let p(j) = j**2 + 17*j + 19. Let s be p(-16). Suppose 0 = -5*y + s*z + 185, z + 170 + 15 = 5*y. What is the remainder when 69 is divided by y?
32
Suppose 3*f + 3*z = 27, 3*f + z - 14 = 9. Suppose 3*j + 68 = f*j. Suppose -11 = -2*u + 51. Calculate the remainder when u is divided by j.
14
Let b be (1 - -11)*(-4)/(-2). Calculate the remainder when 2 is divided by 16/b + (-1)/(-3).
0
Let b(o) = o**2 + 4*o - 2. Let r be b(11). Let k = r - 82. Calculate the remainder when k is divided by 22.
15
Suppose 3*j + 4 = 19. Suppose 0 = -j*z + k + 3*k + 110, 2*z - 4*k = 56. Suppose -156 = -b - 2*b. Calculate the remainder when b is divided by z.
16
Let j(f) = -11*f - 45. What is the remainder when j(-5) is divided by 9?
1
Let v(y) = -y**3 - 22*y**2 + 21*y - 36. Calculate the remainder when 93 is divided by v(-23).
3
Suppose -17*v + 12408 = 5*v. Calculate the remainder when v is divided by 142.
138
Let r(t) = -2*t - 29. Let m be r(-15). Let v = -2 - -12. What is the remainder when (-74)/(m + 1 + -4) is divided by v?
7
Let w(x) = -x**3 + 21*x**2 - 15*x - 40. What is the remainder when w(20) is divided by 34?
26
Let g(c) = -7*c**3 - c**2 + 3*c - 1. Let w be g(2). What is the remainder when (-781)/w - (-8)/10 is divided by 9?
6
Let i(u) = 12*u**2 + u. Let f be (-6)/(-15) - 160/25. What is the remainder when 91 - (-12*2)/f is divided by i(-1)?
10
Suppose 5*a = -2*y + 3*a + 68, 3*a + 26 = y. Calculate the remainder when 63 is divided by y.
31
Let b = 78 + -55. Let x(y) = -y**3 + 17*y**2 - y + 21. Let u be x(17). Suppose 0 = -u*j + 34 - 10. What is the remainder when b is divided by j?
5
Let q = -545 - -635. What is the remainder when q is divided by 34?
22
Suppose 4*y + 2*x + 8 = y, 25 = -5*y - x. Let z = y + 10. Suppose t + 3 - 39 = -2*f, 3*f = 4*t + 43. Calculate the remainder when f is divided by z.
1
Let n be 49 - (-4 + 3 + 1). Let u = n - -11. What is the remainder when u is divided by 9?
6
Let g(b) = 2*b**2 + 7*b - 2. Calculate the remainder when 17 is divided by g(1).
3
What is the remainder when (7847/(-114))/((-1)/6) is divided by 38?
